 w = -6*j - 20, 4*w - 23 = j. Let r = j - -15. Suppose f = -r + 127. Is f a prime number?
False
Let t(o) = 2*o**2 - 13*o - 3. Suppose 0 = 5*v - 5*a - 50, -4*v = -0*a - a - 40. Let g be t(v). Is g*(-2)/4*-14 composite?
True
Let d = 5515 - 3806. Is d composite?
False
Suppose -4*v + 39261 = 5*q - 16628, -4*q + 3*v + 44705 = 0. Is q prime?
True
Suppose 14*b = 15*b - 4*z - 6879, 6879 = b + 4*z. Is b prime?
False
Let k(w) = -2674*w + 321. Is k(-8) a prime number?
True
Suppose 3*o - 6*o = 2196. Let z = o - -136. Let q = z - -2193. Is q a composite number?
False
Let y(x) = 29*x + 62. Let u be y(-20). Let a = u - -877. Is a prime?
True
Suppose -8*z + 5654 = 270. Is z prime?
True
Let v(p) = 8 - p + 9 + 4*p**2 - 9*p. Is v(9) a composite number?
False
Is 597*((-518)/(-21) + 5) a composite number?
True
Let c(p) = 5*p**2 - 1. Let o be c(1). Suppose -25 = o*u + u. Let t(n) = -2*n**3 - 6*n**2 + 7*n. Is t(u) a composite number?
True
Let o(p) = 18*p**2 - 11*p + 35. Let w be o(12). Suppose 4*c + 3*z - 3321 = 0, -2*z - w = -c - 2*c. Is c composite?
True
Suppose -2255 = -3*d + 1219. Suppose 6*x - 1680 - d = 0. Is x a prime number?
False
Suppose 0 = -19*w + 14*w - 35. Is w/((-3)/657*3) prime?
False
Let d(p) be the first derivative of p**3/3 + p**2 + 1477*p - 24. Is d(0) a prime number?
False
Suppose -z - z + 6 = 0. Let x = -25 - -27. Suppose x*j - z = 9. Is j a prime number?
False
Let p be -1*12*10/(-15) + -4. Suppose 9 = 3*w - 0. Suppose -w*a = 2*d - 449, -4*a + 9*d = p*d - 591. Is a prime?
True
Suppose 5*m = -17 + 2. Let s be -1*(-3 - m)/(-2). Suppose -o + s*o = -79. Is o composite?
False
Is (-11)/((-242)/4) + (-180858)/(-22) composite?
False
Let h(q) = 2*q**2 + 1. Let j be h(1). Suppose j*a = a. Suppose a = 6*u - u + 2*v - 476, 0 = -u + 5*v + 79. Is u prime?
False
Suppose 0 = -53*w + 56*w - 699. Is w composite?
False
Let q = -2022 - -2977. Is q a composite number?
True
Let n(v) = v**2 - 4*v - 191. Let j be n(0). Is (j/4)/(4 + (-33)/8) prime?
False
Suppose 8*u = 12772 + 33700. Is u a composite number?
True
Let k = 122 - 85. Let r = 330 - k. Is r a prime number?
True
Suppose q = -5*o + 63921, 3*o + 55951 = 4*q - 199641. Is q a composite number?
False
Let t be 2 + (38 - (-2 + 0)). Suppose 0 = 3*u + d - 206, 0 = -0*u - u + 5*d + t. Is u a composite number?
False
Let b(w) = w**2 + 7*w - 4. Let q be b(-8). Suppose -15 = 5*a, -5*c = q*a - a - 21. Is c prime?
False
Let y = 14 + -17. Let p be 5/(-20)*24/y. Suppose -z + p*z - 557 = 0. Is z a prime number?
True
Let w = 29 - 13. Let y be -3 - w - (0 + -1). Let m = y + 129. Is m prime?
False
Is (-4)/(-38) - (-531570)/114 composite?
False
Let m(d) = -d + 3 + 3*d - 2*d**2 - 89*d**3 - 2*d**3. Is m(-2) prime?
True
Suppose -3*g + 0*g = -1575. Suppose 0 = 3*w - v + g, -5*v - 159 = -4*w + 5*w. Let y = w + 373. Is y composite?
False
Let s = 4627 + 15248. Is (-1)/4 - s/(-60) composite?
False
Suppose -9*f - 21301 = 8*f. Let l = -586 - f. Is l prime?
False
Let n be (2165/10)/((-2)/4). Let y = 804 + n. Is y a composite number?
True
Suppose 0 = o - 0*o + 3*x - 1640, -4*o = x - 6615. Suppose 14*d - 9*d = o. Is d composite?
False
Let x be (4 + (3 - 5))*-2. Let c = 91 + x. Is c prime?
False
Let o(g) = 57*g - 157. Is o(18) composite?
True
Let i(s) = 1256*s**3 + 2*s**2 + 2*s + 1. Let p(v) = -v**3 + v**2 + 1. Let a(o) = i(o) - 2*p(o). Is a(1) a prime number?
True
Let t = 1915 + 66216. Is t prime?
False
Suppose 2*f = f. Suppose -2*h = 4*a, f*a - 2*a = -5*h + 48. Suppose h = 4*j, -o - 2*j + 24 = -3*j. Is o a prime number?
False
Let y(p) = -p**2 - 31*p + 23. Let a = 56 - 78. Is y(a) composite?
True
Suppose 38*x - 43*x + 13705 = 0. Is x a prime number?
True
Let r(y) = 108*y + 55. Is r(8) prime?
True
Suppose -8 = -5*x - 4*t, -5*x - 2*t + t = -2. Suppose -3*d + 1172 + 481 = x. Is d prime?
False
Let h = -1243 - -875. Let d = h - -656. Let l = 545 - d. Is l composite?
False
Let a(h) = -3*h + 1. Let p be a(-1). Let f = 1407 - 643. Suppose 0*w + p*w - f = 0. Is w a prime number?
True
Let l be (-1)/7 + 560/(-196). Is (-1354)/((l + 4)*-2) composite?
False
Let u be 0*1/4 + 740. Suppose 3*g - 4*g = -u. Suppose -5*m + g = -m. Is m a composite number?
True
Suppose 3*m - 12 = -5*v, -3*v + 2*m = -14 + 3. Is (5/v)/(1/69) composite?
True
Suppose m = -m - 4*s + 486, 0 = 5*m - 3*s - 1280. Is m prime?
False
Let a(n) be the third derivative of -n**5/60 - n**4/3 + 2*n**3 - 13*n**2. Is a(-9) composite?
False
Let c = 32 - 23. Let b be (-2362)/(-6) - (-3)/c. Suppose 5*r - 163 = -2*q - 0*r, 5*q - r = b. Is q a composite number?
False
Let t = 0 - -3. Suppose -2*y = t*y - 85. Suppose -3*z + 38 = y. Is z a prime number?
True
Let c be -2 + (2 - 1)/(2/58). Suppose 4*f + 216 = 4*w, w - 4*f - c = 12. Is w composite?
False
Let y = -1 + -1. Let j be (113/y)/((-11)/22). Let f = j + -76. Is f composite?
False
Let v(g) = 68*g**2 + 11*g - 31. Is v(8) a composite number?
False
Let i = -6084 - -16141. Is i a prime number?
False
Let k(p) = 5*p**2 - 4*p + 5. Suppose 0 = -3*t - 0*t + 18. Is k(t) a prime number?
False
Suppose 4*h - 4*c = 432, 4*h - 3*c - 86 = 350. Suppose 144 + 900 = -4*t. Let g = h - t. Is g prime?
True
Let v(a) = -15*a - 12*a + 2 + 26*a + 3 + 121*a**2. Is v(2) prime?
True
Let u(q) = 2*q**2 - 7*q + 10. Let i be u(3). Suppose 5*g = i*g - 574. Is g prime?
False
Let j = -8 - -11. Suppose 5*u = -15, 4*n + 5*u - j*u - 226 = 0. Is n composite?
True
Is (-4342)/(-4) - 75/(-50) a prime number?
True
Let p(r) = -4*r**3 + 6*r**2 + 13*r + 12. Let t be p(-6). Let l = t + -515. Is l a prime number?
True
Let d = -33680 - -56429. Is d prime?
False
Is (-19 - -31)/(2/8590) - 7 a prime number?
False
Let m(n) = 3*n**2 - 8*n - 36. Is m(19) a composite number?
True
Let c be -1*(0 - 0) - 35*-77. Suppose -3*s - 142 = -c. Is s prime?
False
Let x = -7 - -13. Suppose -2*n + r - 2519 = x*r, -3*n - 3785 = r. Let i = -709 - n. Is i composite?
True
Is ((-28)/(-49) - (-128106)/14)/1 a composite number?
False
Let y = 9 + -3. Suppose -308 = -2*s + y*s. Is (-141)/1*s/33 a composite number?
True
Let u = -45 - -50. Suppose -5*k + 808 = 3*p - 2*p, -u*k - 1631 = -2*p. Is p a composite number?
True
Is (36376/6)/(28/21) prime?
True
Suppose -24876 = -4*t - 6964. Is t composite?
True
Let x(b) = 62*b - 24. Let h(j) = -124*j + 49. Let n(f) = -3*h(f) - 7*x(f). Is n(-9) a composite number?
True
Let k be ((-3)/(-7))/((-1)/(-7)). Suppose -l + 5 = 0, -4*u + k*l + 122 = -219. Is u prime?
True
Suppose 4*f - 15 = -f. Let o be (30/(-35))/(f/21). Let r = o + 61. Is r a prime number?
False
Let l(u) = -1864*u - 573. Is l(-5) prime?
True
Let b(z) = -z**3 + 13*z**2 - 13*z - 9. Suppose x - 9 = -v, -2*v + x + 3*x = -12. Let f be 3/(-2) + 92/v. Is b(f) a prime number?
False
Let w(b) be the second derivative of b**4/4 + 13*b**3/6 - 3*b**2/2 - 12*b. Is w(-11) composite?
True
Let f = 17 - 22. Is (-161*2)/(10/f) composite?
True
Let o(s) = 1273*s**2 - 15*s + 1. Is o(6) prime?
False
Is ((-119010)/(-9))/((-50)/(-75)) a composite number?
True
Let a(z) = 11*z**2 - 2*z + 1. Let q be a(1). Let c be 1152/q + 5/(-25). Suppose 72 + c = l. Is l a prime number?
False
Let u = 14 - 17. Is (-658)/6*(u + 0) prime?
False
Let u(a) = 2724*a**2 + 11*a + 21. Is u(-2) a prime number?
False
Suppose -4*y - 2*y = 0. Suppose y = -4*w - 18 + 34. Is w a prime number?
False
Let i(o) = o + 10. Suppose v + 14 = -v. Let g be i(v). Suppose -g*k + k + 38 = 0. Is k prime?
True
Let p be -4*(1172/(-8) - 0). Suppose 2*a + 100 - p = 0. Suppose 5*r = 2 + a. Is r prime?
False
Let b(p) = -754*p**3 - 26*p**2 - 27*p - 9. Is b(-4) composite?
False
Is ((-12)/(-9) - 2)/((-54)/124821) composite?
True
Let o = -2936 - -7433. Suppose 100*n - 97*n = o. Is n a composite number?
False
Let p(u) = 1295*u - 137. Is p(5) a prime number?
False
Let n(y) = y**3 + 21*y**2 + 18*y - 45. Let l(i) = 3*i**3 + 62*i**2 + 54*i - 134. Let o(d) = -4*l(d) + 11*n(d). Is o(-18) prime?
False
Let w(b) = -3*b**3 - 7*b**2 + b + 13. Let s be w(9). Let x = 4885 + s. Is x a prime number?
True
Let w(l) = 97*l**2 - 8*l - 27. Is w(-8) prime?
False
Let b be 3/(-5)*(7 + (-8 - 9)). Let i = 9564 + -6749. Suppose -o + b*o = i. Is o composite?
False
Is (-44)/66*(-14913)/2 a composite number?
True
Let d(t) = 432*t + 6. Let z be d(3). Suppose -5*q - 1742 = m - 5015, 2*q + 4*m = z. Is q composite?
True
Suppose 5*o = 4*m + 439